 - 23*b + 75. Give m(-8).
3
Let x(h) = -758*h + 3787. What is x(5)?
-3
Let m(r) = 24*r - 135. Give m(11).
129
Let g(z) = -945*z - 21722. What is g(-23)?
13
Let p(t) = 385*t - 3847. What is p(10)?
3
Let q(x) = x**3 - 23*x**2 + 59*x + 18. What is q(20)?
-2
Let z(u) = -2*u**2 + 46*u + 153. What is z(28)?
-127
Let v(j) = -2*j**3 + 74*j**2 - 67*j - 60. Determine v(36).
120
Let g(l) = 2*l**2 - 601*l + 39478. What is g(97)?
-1
Let w(k) = 6*k**3 - 80*k**2 + 52*k - 330. Give w(13).
8
Let j(t) = 3*t**2 - 145*t - 155. Determine j(49).
-57
Let t(o) = -11*o**3 - 3*o**2 - 18*o - 8. What is t(-3)?
316
Let w(g) = -3427*g + 13713. Give w(4).
5
Let w(l) = 16*l - 2192. Determine w(134).
-48
Let k(s) = 420*s - 1035. Calculate k(2).
-195
Let g(w) = -3*w**3 + 26*w**2 + 745*w + 31. What is g(-12)?
19
Let v(f) = -353*f + 5654. What is v(16)?
6
Let d(p) = p**3 + 95*p**2 + 543*p + 796. Calculate d(-89).
-5
Let z(g) = g**3 - 2*g**2 - 64*g + 15. What is z(9)?
6
Let d(l) = 2*l**3 - 3*l**2 - 9*l - 7. Give d(-4).
-147
Let f(r) = -r**3 - 10*r**2 - 27*r - 1. Determine f(-3).
17
Let j(d) = -9*d**2 + 3*d - 6. Calculate j(2).
-36
Let k(o) = 61780*o + 185344. Give k(-3).
4
Let b(v) = -3*v**2 - 198*v + 1028. Calculate b(-71).
-37
Let k(f) = 37227*f + 148893. Give k(-4).
-15
Let s(y) = y**3 - 29*y**2 - 35*y + 90. Calculate s(30).
-60
Let h(a) = -a**3 - 21*a**2 - 46*a - 49. Calculate h(-19).
103
Let l(q) = 52*q**3 - 25*q**2 + 26*q - 1. Calculate l(1).
52
Let w(d) = d**2 + 29*d + 36. Determine w(-27).
-18
Let v(r) = 2*r**2 - 2302*r - 18550. Give v(-8).
-6
Let n(z) = 5*z**2 + 9*z - 15. Determine n(-3).
3
Let a(s) = -3*s**3 + 31*s**2 + 19*s + 18. Give a(11).
-15
Let u(m) = -m**3 - 6*m**2 + 14*m + 3. What is u(5)?
-202
Let d(c) = c**3 + 12*c**2 + 35*c - 10. Give d(-6).
-4
Let a(v) = -9*v - 949. What is a(-105)?
-4
Let k(o) = -2029*o - 10152. Determine k(-5).
-7
Let q(g) = 7*g**2 + 10*g + 20. Give q(-2).
28
Let u(q) = q**3 - q**2 + 542*q - 1641. Calculate u(3).
3
Let g(p) = -p**3 + 24*p**2 + 4*p - 19. Give g(0).
-19
Let r(j) = -j**2 + 125*j - 3810. Determine r(72).
6
Let y(x) = -3984*x - 19993. Calculate y(-5).
-73
Let k(f) = -5*f**2 + 287*f - 120. What is k(57)?
-6
Let c(r) = r**2 + 67*r + 1099. Calculate c(-39).
7
Let b(n) = -1068*n + 42713. Give b(40).
-7
Let t(r) = -3*r**3 + 25*r**2 + 11*r + 16. Determine t(9).
-47
Let b(i) = i**3 + 264*i**2 + 8399*i + 3. Give b(-227).
3
Let l(w) = w**2 + 107*w + 2817. Calculate l(-50).
-33
Let d(r) = -24*r**2 - 5*r + 850. Give d(-6).
16
Let i(w) = -w**3 + 8*w**2 - 39. What is i(8)?
-39
Let g(w) = 3*w**3 + 2*w**2 - 35*w + 51. Calculate g(2).
13
Let u(f) = 16*f**2 + 172*f + 7. Determine u(-12).
247
Let m(d) = -d**3 + 97*d**2 + 60*d + 3698. What is m(98)?
-26
Let l(u) = u**3 + 51*u**2 - 161*u + 66. Determine l(-54).
12
Let x(f) = -f**2 - 4253*f - 33964. Calculate x(-8).
-4
Let s(o) = 322*o**2 - 2255*o + 12. Calculate s(7).
5
Let b(h) = -116*h - 575. Give b(-5).
5
Let w(k) = k**3 - 38*k**2 + 185*k + 218. Give w(32).
-6
Let z(h) = -3*h**3 - h**2 + 4*h - 18. What is z(-3)?
42
Let u(c) = 2*c**3 - 46*c**2 - 12*c + 230. Determine u(23).
-46
Let a(u) = -u**2 - 74*u - 1249. Calculate a(-48).
-1
Let b(x) = x**3 + 55*x**2 + 6*x + 318. What is b(-55)?
-12
Let x(u) = u**3 + 77*u**2 + 1138*u - 128. Give x(-57).
-14
Let m(p) = 160*p - 6084. Give m(38).
-4
Let k(h) = -h**3 + 8*h**2 + 89*h - 487. Give k(12).
5
Let g(n) = 185*n + 3944. Determine g(-21).
59
Let c(b) = b**3 + 12*b**2 - 33*b - 254. What is c(-13)?
6
Let a(y) = y**3 + 36*y**2 + 322*y - 17. What is a(-18)?
19
Let s(c) = 4*c - 296. Calculate s(58).
-64
Let y(n) = 8*n**2 - 78*n - 38. Determine y(10).
-18
Let k(r) = r**2 - 454*r - 8007. Determine k(-17).
0
Let p(y) = -100*y**3 - 10*y + 26. Calculate p(2).
-794
Let t(l) = -l**3 - 17*l**2 - 74*l - 11. Give t(-7).
17
Let b(l) = l**2 - 6*l - 26. Give b(-8).
86
Let m(a) = 2*a**3 + 11*a**2 + 2*a - 21. What is m(-6)?
-69
Let z(r) = -598*r - 596. Determine z(-1).
2
Let u(w) = 7*w**3 + 3*w**2 + 12*w + 1. Give u(-2).
-67
Let p(n) = 93*n - 165. Give p(3).
114
Let t(u) = 19*u**2 + 51*u - 173. What is t(4)?
335
Let v(i) = i**3 + 2*i**2 - 18*i + 5. What is v(-9)?
-400
Let g(o) = -27*o**2 + 39*o + 4. Calculate g(1).
16
Let b(v) = 6*v - 39. Calculate b(9).
15
Let k(q) = -408*q - 11441. Determine k(-28).
-17
Let s(q) = 36*q - 24. Calculate s(-13).
-492
Let w(t) = t**3 + 10*t**2 - 18*t - 61. Determine w(-9).
182
Let d(y) = 21*y**3 - 4*y**2 - 9*y - 4. Calculate d(-2).
-170
Let g(w) = -7*w**2 - 1704*w + 1703. What is g(1)?
-8
Let w(k) = -7*k**2 - 11*k - 11. What is w(-5)?
-131
Let x(w) = -3*w**2 - 25*w - 32. What is x(0)?
-32
Let l(s) = 2*s**3 + 40*s**2 + s + 67. What is l(-20)?
47
Let h(k) = k**2 - 61*k - 3179. What is h(94)?
-77
Let i(r) = 91*r**3 - 4*r**2 - 6*r - 7. Calculate i(-2).
-739
Let w(i) = i**2 - 17*i - 65. Give w(19).
-27
Let x(w) = -133*w - 2631. Give x(-20).
29
Let u(f) = f**3 - 10*f**2 - 76*f + 711. Calculate u(11).
-4
Let l(f) = -7*f**2 - 2420*f - 4845. Determine l(-2).
-33
Let q(d) = -d**2 + 61*d - 832. Determine q(29).
96
Let t(r) = -31*r + 322. Give t(21).
-329
Let o(y) = -3*y**3 - 16*y**2 - 33*y - 19. What is o(-2)?
7
Let j(h) = -h**3 - 2*h**2 + 198*h - 28. Determine j(13).
11
Let n(f) = 3*f**2 - 1667*f + 3327. Give n(2).
5
Let d(f) = -f**3 - 4*f**2 + 1787*f + 12346. Determine d(-7).
-16
Let v(j) = j**3 - 50*j**2 + 91*j - 57. Calculate v(48).
-297
Let v(x) = x**3 - 15*x**2 + 42*x + 54. Calculate v(10).
-26
Let l(k) = -7*k + 438. Give l(72).
-66
Let u(l) = l**3 + 3*l**2 - 5*l - 4. Calculate u(5).
171
Let n(s) = 219*s + 19. Give n(0).
19
Let l(r) = -3*r**2 - 29*r - 278. Determine l(-11).
-322
Let o(t) = -3444*t - 10326. Give o(-3).
6
Let u(t) = -t**2 - 35*t - 277. What is u(-23)?
-1
Let k(q) = -152*q - 2122. Determine k(-14).
6
Let u(h) = h**2 + 20*h - 609. Determine u(-37).
20
Let g(h) = 121*h - 22239. Determine g(183).
-96
Let i(o) = o**3 + 6*o**2 - 99*o - 107. What is i(-13)?
-3
Let z(d) = -d**3 - 13*d**2 - 33*d - 432. Determine z(-13).
-3
Let k(h) = -h**3 - 15*h**2 - 12*h - 166. What is k(-15)?
14
Let b(r) = 2*r**3 + 5*r**2 + 6*r + 9. Determine b(-3).
-18
Let n(y) = 44*y + 5423. Give n(-123).
11
Let l(h) = h**3 + 40*h**2 - 8*h - 540. Give l(-40).
-220
Let h(r) = r**3 - 85*r**2 + 1565*r - 124409. Calculate h(84).
-5
Let b(s) = 13*s**2 - 3*s + 7. Give b(-1).
23
Let h(u) = 78*u - 149. Calculate h(3).
85
Let v(x) = 487*x - 52598. Calculate v(108).
-2
Let f(u) = -2*u**2 + 144*u - 1614. What is f(58)?
10
Let i(t) = -2*t**3 - 12*t**2 - 41*t + 3. What is i(-3)?
72
Let g(p) = -3*p**2 - 14*p + 1083. What is g(17)?
-22
Let d(x) = -3*x**3 + 39*x**2 + 6*x - 44. Calculate d(13).
34
Let a(l) = 4*l**2 - 44*l - 43. Give a(11).
-43
Let o(r) = r**3 - 12*r**2 - 33*r + 53. Give o(14).
-17
Let z(s) = -s**3 - 2*s**2 + 60*s - 25. Give z(-9).
2
Let x(v) = 2054*v - 12317. Determine x(6).
7
Let c(m) = 26266*m - 157596. What is c(6)?
0
Let o(z) = z + 90. Give o(6).
96
Let k(c) = 2*c + 60. Give k(20).
100
Let r(l) = -5*l**2 - 432*l - 185. What is r(-86)?
-13
Let q(x) = -30*x - 48. What is q(-5)?
102
Let r(k) = -15*k + 935. What is r(61)?
20
Let g(j) = -j**3 - 33*j**2 + 38*j + 118. Determine g(-34).
-18
Let f(q) = q**3 + 19*q**2 - 15*q + 49. Calculate f(-20).
-51
Let a(q) = -258*q + 64481. What is a(250)?
-19
Let v(j) = -422*j + 6. Determine v(0).
6
Let b(k) = -2*k**3 + 17*k**2 + k + 199. Give b(9).
127
Let d(u) = -3*u**2 - 118*u + 543. What is d(4)?
23
Let d(n) = -n**2 - 60*n - 838. Determine d(-22).
-2
Let g(h) = 27*h - 55. Give g(3).
26
Let o(y) = -58*y**3 - 10*y + 12. What is o(0)?
12
Let t(v) = -2*v**2 - 34*v - 80. What is t(-15)?
-20
Let x(o) = 2*o**3 + 9*o**2 - 9*o - 26. What is x(-5)?
-6
Let l(d) = -d**3 + 4*d**2 + 32*d - 9. Give l(8).
-9
Let w(f) = -4531*f - 18129. Calculate w(-4).
-5
Let z(w) = -w**3 - 32*w**2 + 106*w + 44. What is z(-35)?
9
Let r(i) = -i**3 + 2*i**2 + 5*i + 1. What is r(-2)?
7
Let x(n) = -n**3 - 32*n**2 + 4*n + 188. Determine x(-32).
60
Let o(f) = -8*f**3 + 17*f**2 + 113*f - 288. Calculate o(3).
-12
Let u(p) = p**3 - 6*p**2 + 40*p - 596. What is u(9)?
7
Let h(m) = -2*m**2 + 5*m - 17. Give h(4).
-29
Let v(s) = 189*s + 718. Calculate v(-4).
-38
Let t(g) = -g**3 + 23*g**2 + 36*g + 10. Calculate t(24).
298
Let a(u) = 2*u**2 - 6*u - 35. What is a(12)?
181
Let